ctors of o.
2, 7, 13
Let m(v) = 12*v**2 + 7*v - 1. Let u be m(-3). Let a = u - 81. Suppose -f + 4*f = 4*k + 710, 435 = 2*f + a*k. What are the prime factors of f?
2, 5, 23
Let i = -295 + 467. Suppose -l - 5*y + i = 0, 654 = 4*l + 5*y - 2*y. What are the prime factors of l?
2, 3
Suppose 4*n - h + 576 = 7*n, 0 = 3*h. Suppose 4*p - n = 624. List the prime factors of p.
2, 3, 17
Suppose 3*u - 11419 = -2*a, 10*a - 15*a + 28541 = u. List the prime factors of a.
2, 1427
Let a(h) = -2655*h + 19569. What are the prime factors of a(-8)?
3, 61, 223
Let w(i) = -23*i**3 + i**2 - 7*i - 8. Let n(a) = -35*a**3 + 2*a**2 - 11*a - 12. Let x(g) = 5*n(g) - 8*w(g). What are the prime factors of x(2)?
2, 43
Suppose -w = -5*k + 13, -65 = -5*w - 4*k + 3*k. Let r be 6/9*(w + -3). Let y = 9 + r. List the prime factors of y.
3, 5
Suppose 6 = h + 3*c - 6*c, c - 40 = 5*h. Let i be 3/h*(-1179)/(-3). What are the prime factors of i*(6/39 + 45/(-39))?
131
Suppose -14*d + 172 + 80 = 0. What are the prime factors of ((-564)/d)/((-3)/108)?
2, 3, 47
Suppose -2*a + 381 = 2*k - 6969, -5*a = -2*k + 7371. List the prime factors of k.
2, 3, 613
Suppose 2*h = -0*h + 70. Let l = -51 + h. What are the prime factors of -1 - 828/l - 1/(-4)?
3, 17
Suppose -2*d - 1436 + 1446 = 0. Suppose -2*p - 1164 = -d*p. What are the prime factors of p?
2, 97
Let p = 41 + -61. Let v be (0 + 9/12)/((-5)/p). Suppose 195 = 8*w - v*w. List the prime factors of w.
3, 13
Let s = -27268 - -65418. List the prime factors of s.
2, 5, 7, 109
Suppose -493*s + 500*s - 336 = 0. List the prime factors of s/(-18)*3*586/(-4).
2, 293
Let x(j) = 2954*j**2 + 317*j + 1228. List the prime factors of x(-4).
2, 5903
Let r(k) = -76 - 2*k + 88 + 3*k + 0*k. Let v be r(-10). List the prime factors of (v + -1)/(5/295).
59
Let y = 368 - 360. Let z(d) = -204*d + 2. Let c be z(-7). Suppose 270 = -y*i + c. What are the prime factors of i?
5, 29
List the prime factors of 0 + (-24 - -8) - -8495.
61, 139
Let z = -234 + 1438. Suppose -z = 12*o - 10*o. What are the prime factors of (o/28)/((-1)/2)?
43
Suppose 0*v - 3*r = -3*v - 9, -3*r + 9 = -2*v. Suppose v = -y + 2*y + 5*p - 43, -3*y - 2*p + 77 = 0. Let x = 71 - y. List the prime factors of x.
2, 3
Let f = 45 - 33. Let l be (-12)/78 - 18519/39. List the prime factors of (l/(-20))/(3/f).
5, 19
Suppose 0 = -5*l + 40, 0 = -3*q + 5*l + 142817 + 112461. What are the prime factors of q?
2, 7, 6079
Suppose 5*l + 0*s - 5*s = -32745, 3*l + 5*s = -19663. What are the prime factors of 13/78 + l/(-6)?
2, 3, 7, 13
Let v(y) = -y**2 - 1048*y + 7739. List the prime factors of v(0).
71, 109
Let v(k) = -k**2 + 9*k + 17. Let r be v(8). Suppose -r*y + 19*y + 4224 = 0. What are the prime factors of y?
2, 11
Suppose -1947250 = -886*l + 836*l. What are the prime factors of l?
5, 7789
Suppose 16*z = 187 - 587. Let g = z + 459. List the prime factors of g.
2, 7, 31
Let c(h) = -42*h + 217. Let n be (-4324)/235 + 1 + (-6)/10. What are the prime factors of c(n)?
7, 139
Let y = 300 - 176. Let p = y - -14. What are the prime factors of p?
2, 3, 23
Let f be (-40)/(-140)*(4205 - -2). Let y = f - 33. List the prime factors of y.
7, 167
Let w = 143 - 139. Let m = 193 + w. What are the prime factors of m?
197
Suppose 1197176 - 1360681 = -208*b + 2042959. What are the prime factors of b?
2, 3, 13, 17
Let p(d) = 34*d**2 + 4. Suppose 5*v - 16 = 3*v. Let y = -10 + v. List the prime factors of p(y).
2, 5, 7
What are the prime factors of (-70)/25*-18935 + (-24)/(-2)?
2, 5, 5303
Let a(n) be the second derivative of 2*n**4/3 - 11*n**3/6 - 43*n**2 - 6*n - 6. What are the prime factors of a(-11)?
17, 59
Let h(o) = o**3 - o**2 - 6*o + 9. Let x = 78 + -66. Suppose a - 5 = 3*y - 3, 2*a + 2*y - x = 0. List the prime factors of h(a).
79
Let f = -11 + 16. Suppose -1763 + 253 = -f*l. Suppose -8*n + 218 + l = 0. List the prime factors of n.
5, 13
Let z = -2986 - -6545. List the prime factors of z.
3559
Suppose -13*k + 20 = -9*k. Suppose -20 = -4*h - k*p, -p = 5*h + 3*p - 25. Suppose -1016 = -13*g + h*g. List the prime factors of g.
127
Let g(a) = -a**3 + 63*a**2 - 60*a + 285. List the prime factors of g(43).
5, 7, 991
Suppose 14 = -14*u + 7*u. Let s(n) = -26*n**2 - 2*n. Let h be s(u). List the prime factors of (h/(-7))/((-12)/(-42)).
2, 5
Suppose -6*o - 1358 + 152 = 0. Let f = 309 + o. What are the prime factors of f?
2, 3
Let x(j) = 50*j + 87. Let o(f) = f**3 - 12*f**2 + 22*f - 8. Let i be o(10). List the prime factors of x(i).
3, 229
Let w(a) = 2*a**3 - 7*a**2 - 3*a + 3. Let z be w(7). Let q = -76 + z. Suppose k = -2*k + q. List the prime factors of k.
83
Let b = -583 + 986. Let k = 200 + b. List the prime factors of k.
3, 67
Suppose 5*m - 18 = -4*m. Suppose -13 = -m*q - 9. List the prime factors of q/(-1) + 32/8.
2
Let v = -11785 + 21945. What are the prime factors of v?
2, 5, 127
Let a = 1873 - 1776. List the prime factors of a.
97
What are the prime factors of -69*-5*(-5918)/(-110)?
3, 23, 269
Let d be (-70)/(-14) + 938 + -1. Let r = -303 + d. What are the prime factors of r?
3, 71
Suppose -28*j = -248835 - 1151473. List the prime factors of j.
13, 3847
Suppose 5*o - 20 = 10. Suppose -o*u + 920 = 4*u. What are the prime factors of u?
2, 23
Let m = 140 + -482. Let r = 358 + m. List the prime factors of r.
2
Suppose 4*w - 2*s + 21 + 1 = 0, -4*s + 35 = -5*w. Let c(h) be the second derivative of 19*h**4/12 - h**3/6 - 3*h**2/2 + 2*h. What are the prime factors of c(w)?
3, 19
Let k(a) be the third derivative of a**4/6 - 10*a**3/3 - a**2. Let p(q) = -2*q**3 + 200*q**2 - 198*q + 10. Let n be p(99). List the prime factors of k(n).
2, 5
Suppose 0*m - 70 = 7*m. Let o = 58 - m. Let k = o - 58. What are the prime factors of k?
2, 5
Let b(n) = n**3 + 12*n**2 + 6*n + 11. Let w(p) = -2*p**2 + 7*p + 44. Let k be w(7). What are the prime factors of b(k)?
2, 3, 13
Let g(v) = 2969*v + 3702. What are the prime factors of g(4)?
2, 7789
Let h = 514 + -510. Suppose -h*k - 4*t - t + 3930 = 0, -4*k + 3928 = 4*t. List the prime factors of k.
2, 5, 7
Let c be (-2 + 1)/((-4)/68). Suppose -5*d + 617 = 3*i, 0 = -2*i + c*d - 15*d + 390. List the prime factors of i.
199
Let i(v) = v + 6 + 18*v - 12*v. Let u be i(-6). Let y = -29 - u. List the prime factors of y.
7
Suppose 4*w = o + 55, -3*w - 5*o + 68 = -2. Suppose -4*b = w*g - 11*g - 3076, -b - 1538 = -2*g. List the prime factors of g.
769
Let t(c) = 21*c + 29. Let l(z) = 21*z + 30. Let w(b) = 4*l(b) - 3*t(b). What are the prime factors of w(6)?
3, 53
Suppose 53 = -4*j - 5*k + 4*k, 0 = -j - 2*k - 8. Let u be (-2)/(-7) - (-4)/j. Suppose 3*m - 2*l = -0*l + 302, u = 3*m + 4*l - 296. List the prime factors of m.
2, 5
Suppose 9*q - 2*l + 26 = 11*q, 2*q - 31 = -l. Suppose 64 = q*w - 206. What are the prime factors of w?
3, 5
Suppose -2*m - w + 2834 + 6957 = 0, -2*m = -3*w - 9787. What are the prime factors of m?
5, 11, 89
Let o be ((15/(-9))/(-5))/(7/(-42)). Let p be 124 + (4/6)/(o/(-3)). Suppose -t + p = 5*x + 41, 2*t = 4*x + 182. What are the prime factors of t?
89
Suppose -4*h - 8*h + 137700 = 3*h. What are the prime factors of h?
2, 3, 5, 17
Suppose 4*j - 9871 - 9213 = 0. Suppose j + 2093 = 16*v. What are the prime factors of v?
3, 11, 13
Suppose 1089978 = -13*a + 132*a - 278403. List the prime factors of a.
3, 3833
Let k be -4 + (-20)/12*-3. Let j be ((-6)/(-4))/(k*2/92). Suppose -q - 2*i = -3*i - 71, q - 3*i = j. What are the prime factors of q?
2, 3
Let n(w) = 7*w**3 - 2*w**2 - 8*w - 3. Let l be n(3). Suppose 82*h - l = 80*h. Suppose 60*j = 59*j + h. What are the prime factors of j?
2, 3
Suppose 4*i = 2*c + 116, 3*i = 1 - 4. Let t be (c/7)/((-4)/28). Suppose -2*h + t - 14 = 0. What are the prime factors of h?
23
Let u = -8628 - -82423. List the prime factors of u.
5, 14759
Let n = -28 + 39. Suppose n*l = -49 - 50. List the prime factors of l/((-9)/(-10))*-11 + -4.
2, 53
List the prime factors of (102/714 + 22/(-56))*-178124.
44531
Suppose 21500 = p + h, -5*p - 3*h + 3800 = -103712. What are the prime factors of p?
2, 10753
List the prime factors of ((-894)/4)/(((-1843)/2318)/97).
3, 61, 149
Let r(c) = 417*c**3 - 12*c**2 + 29*c - 18. List the prime factors of r(5).
2, 17, 191
Let z(u) = 36 + 6*u - 17*u + 8. Let n be z(4). Suppose n = -3*m - 13 + 91. What are the prime factors of m?
2, 13
Let a = 2469 + -1127. What 